{"id":2,"date":"2023-12-04T10:54:48","date_gmt":"2023-12-04T10:54:48","guid":{"rendered":"https:\/\/hotro.thuocsi.vn\/sellercenter\/?page_id=2"},"modified":"2024-10-02T08:36:32","modified_gmt":"2024-10-02T08:36:32","slug":"sample-page","status":"publish","type":"page","link":"https:\/\/hotro.thuocsi.vn\/sellercenter\/","title":{"rendered":"H\u1ed7 tr\u1ee3 Nh\u00e0 B\u00e1n H\u00e0ng &#8211; thuocsi.vn"},"content":{"rendered":"\n<p>Cung c\u1ea5p c\u00e1c th\u00f4ng tin h\u1eefu \u00edch cho Nh\u00e0 b\u00e1n h\u00e0ng tr\u00ean thuocsi.vn gi\u00fap doanh nghi\u1ec7p s\u1ea3n xu\u1ea5t v\u00e0 ph\u00e2n ph\u1ed1i d\u01b0\u1ee3c ph\u1ea9m ti\u1ebfp c\u1eadn h\u01a1n 35.000 kh\u00e1ch h\u00e0ng k\u00eanh OTC tr\u00ean to\u00e0n qu\u1ed1c gi\u00fap t\u0103ng doanh thu v\u01b0\u1ee3t tr\u1ed9i<\/p>\n","protected":false},"excerpt":{"rendered":"<p>Cung c\u1ea5p c\u00e1c th\u00f4ng tin h\u1eefu \u00edch cho Nh\u00e0 b\u00e1n h\u00e0ng tr\u00ean thuocsi.vn gi\u00fap doanh nghi\u1ec7p s\u1ea3n xu\u1ea5t v\u00e0 ph\u00e2n ph\u1ed1i d\u01b0\u1ee3c ph\u1ea9m ti\u1ebfp c\u1eadn h\u01a1n 35.000 kh\u00e1ch h\u00e0ng k\u00eanh OTC tr\u00ean to\u00e0n qu\u1ed1c gi\u00fap t\u0103ng doanh thu v\u01b0\u1ee3t tr\u1ed9i<\/p>\n","protected":false},"author":1,"featured_media":398,"parent":0,"menu_order":0,"comment_status":"closed","ping_status":"open","template":"","meta":{"_acf_changed":false,"footnotes":""},"aioseo_notices":[],"acf":[],"_links":{"self":[{"href":"https:\/\/hotro.thuocsi.vn\/sellercenter\/wp-json\/wp\/v2\/pages\/2"}],"collection":[{"href":"https:\/\/hotro.thuocsi.vn\/sellercenter\/wp-json\/wp\/v2\/pages"}],"about":[{"href":"https:\/\/hotro.thuocsi.vn\/sellercenter\/wp-json\/wp\/v2\/types\/page"}],"author":[{"embeddable":true,"href":"https:\/\/hotro.thuocsi.vn\/sellercenter\/wp-json\/wp\/v2\/users\/1"}],"replies":[{"embeddable":true,"href":"https:\/\/hotro.thuocsi.vn\/sellercenter\/wp-json\/wp\/v2\/comments?post=2"}],"version-history":[{"count":8,"href":"https:\/\/hotro.thuocsi.vn\/sellercenter\/wp-json\/wp\/v2\/pages\/2\/revisions"}],"predecessor-version":[{"id":175,"href":"https:\/\/hotro.thuocsi.vn\/sellercenter\/wp-json\/wp\/v2\/pages\/2\/revisions\/175"}],"wp:featuredmedia":[{"embeddable":true,"href":"https:\/\/hotro.thuocsi.vn\/sellercenter\/wp-json\/wp\/v2\/media\/398"}],"wp:attachment":[{"href":"https:\/\/hotro.thuocsi.vn\/sellercenter\/wp-json\/wp\/v2\/media?parent=2"}],"curies":[{"name":"wp","href":"https:\/\/api.w.org\/{rel}","templated":true}]}}